{"id":556,"date":"2024-10-30T02:15:02","date_gmt":"2024-10-30T02:15:02","guid":{"rendered":"https:\/\/SimbolicaFC.com\/?product=barcelona-local-1996-97-ronaldo-09-mc"},"modified":"2024-11-06T23:31:05","modified_gmt":"2024-11-06T23:31:05","slug":"barcelona-local-1996-97-ronaldo-09-mc","status":"publish","type":"product","link":"https:\/\/SimbolicaFC.com\/?product=barcelona-local-1996-97-ronaldo-09-mc","title":{"rendered":"BARCELONA LOCAL 1996 &#8211; 1997 RONALDO #9"},"content":{"rendered":"<p>La camiseta local del Barcelona 1996-1997 es un cl\u00e1sico en azul y grana. Fabricada por Kappa, lleva el ic\u00f3nico #9 de Ronaldo Naz\u00e1rio, evocando su inolvidable paso por el club durante esa temporada.<\/p>\n","protected":false},"excerpt":{"rendered":"<p>La camiseta local del Barcelona 1996-1997 es un cl\u00e1sico en azul y grana. Fabricada por Kappa, lleva el ic\u00f3nico #9 de Ronaldo Naz\u00e1rio, evocando su inolvidable paso por el club durante esa temporada.<\/p>\n","protected":false},"featured_media":1795,"comment_status":"open","ping_status":"closed","template":"","meta":[],"product_cat":[55,31,18,80],"product_tag":[],"class_list":{"0":"post-556","1":"product","2":"type-product","3":"status-publish","4":"has-post-thumbnail","6":"product_cat-barcelona","7":"product_cat-clubes-de-europa","8":"product_cat-jerseys","9":"product_cat-ronaldo","11":"first","12":"instock","13":"sale","14":"taxable","15":"shipping-taxable","16":"purchasable","17":"product-type-variable"},"_links":{"self":[{"href":"https:\/\/SimbolicaFC.com\/index.php?rest_route=\/wp\/v2\/product\/556","targetHints":{"allow":["GET"]}}],"collection":[{"href":"https:\/\/SimbolicaFC.com\/index.php?rest_route=\/wp\/v2\/product"}],"about":[{"href":"https:\/\/SimbolicaFC.com\/index.php?rest_route=\/wp\/v2\/types\/product"}],"replies":[{"embeddable":true,"href":"https:\/\/SimbolicaFC.com\/index.php?rest_route=%2Fwp%2Fv2%2Fcomments&post=556"}],"wp:featuredmedia":[{"embeddable":true,"href":"https:\/\/SimbolicaFC.com\/index.php?rest_route=\/wp\/v2\/media\/1795"}],"wp:attachment":[{"href":"https:\/\/SimbolicaFC.com\/index.php?rest_route=%2Fwp%2Fv2%2Fmedia&parent=556"}],"wp:term":[{"taxonomy":"product_cat","embeddable":true,"href":"https:\/\/SimbolicaFC.com\/index.php?rest_route=%2Fwp%2Fv2%2Fproduct_cat&post=556"},{"taxonomy":"product_tag","embeddable":true,"href":"https:\/\/SimbolicaFC.com\/index.php?rest_route=%2Fwp%2Fv2%2Fproduct_tag&post=556"}],"curies":[{"name":"wp","href":"https:\/\/api.w.org\/{rel}","templated":true}]}}