{"id":541,"date":"2024-10-30T02:14:58","date_gmt":"2024-10-30T02:14:58","guid":{"rendered":"https:\/\/SimbolicaFC.com\/?product=man-city-local-1998-99-mc"},"modified":"2024-11-05T00:18:02","modified_gmt":"2024-11-05T00:18:02","slug":"man-city-local-1998-99-mc","status":"publish","type":"product","link":"https:\/\/SimbolicaFC.com\/?product=man-city-local-1998-99-mc","title":{"rendered":"MANCHESTER CITY LOCAL 1998 &#8211; 1999"},"content":{"rendered":"<p>La camiseta local del Manchester City 1998-1999 es un dise\u00f1o caracter\u00edstico, fabricada por Kappa. Durante esta temporada, el club experiment\u00f3 un periodo de transici\u00f3n y lucha en la liga, pero esta camiseta se ha convertido en un recuerdo nost\u00e1lgico para los aficionados que vivieron esos momentos. Su estilo cl\u00e1sico refleja la identidad del club en esa \u00e9poca.<\/p>\n","protected":false},"excerpt":{"rendered":"<p>La camiseta local del Manchester City 1998-1999 es un dise\u00f1o caracter\u00edstico, fabricada por Kappa. Durante esta temporada, el club experiment\u00f3 un periodo de transici\u00f3n y lucha en la liga, pero esta camiseta se ha convertido en un recuerdo nost\u00e1lgico para los aficionados que vivieron esos momentos. Su estilo cl\u00e1sico refleja la identidad del club en [&hellip;]<\/p>\n","protected":false},"featured_media":590,"comment_status":"open","ping_status":"closed","template":"","meta":[],"product_cat":[31,18,59],"product_tag":[],"class_list":{"0":"post-541","1":"product","2":"type-product","3":"status-publish","4":"has-post-thumbnail","6":"product_cat-clubes-de-europa","7":"product_cat-jerseys","8":"product_cat-manchester-city","10":"first","11":"instock","12":"taxable","13":"shipping-taxable","14":"purchasable","15":"product-type-variable"},"_links":{"self":[{"href":"https:\/\/SimbolicaFC.com\/index.php?rest_route=\/wp\/v2\/product\/541","targetHints":{"allow":["GET"]}}],"collection":[{"href":"https:\/\/SimbolicaFC.com\/index.php?rest_route=\/wp\/v2\/product"}],"about":[{"href":"https:\/\/SimbolicaFC.com\/index.php?rest_route=\/wp\/v2\/types\/product"}],"replies":[{"embeddable":true,"href":"https:\/\/SimbolicaFC.com\/index.php?rest_route=%2Fwp%2Fv2%2Fcomments&post=541"}],"wp:featuredmedia":[{"embeddable":true,"href":"https:\/\/SimbolicaFC.com\/index.php?rest_route=\/wp\/v2\/media\/590"}],"wp:attachment":[{"href":"https:\/\/SimbolicaFC.com\/index.php?rest_route=%2Fwp%2Fv2%2Fmedia&parent=541"}],"wp:term":[{"taxonomy":"product_cat","embeddable":true,"href":"https:\/\/SimbolicaFC.com\/index.php?rest_route=%2Fwp%2Fv2%2Fproduct_cat&post=541"},{"taxonomy":"product_tag","embeddable":true,"href":"https:\/\/SimbolicaFC.com\/index.php?rest_route=%2Fwp%2Fv2%2Fproduct_tag&post=541"}],"curies":[{"name":"wp","href":"https:\/\/api.w.org\/{rel}","templated":true}]}}