{"id":534,"date":"2024-10-30T02:14:56","date_gmt":"2024-10-30T02:14:56","guid":{"rendered":"https:\/\/SimbolicaFC.com\/?product=argentina-local-1996-97-simeone-08-mc"},"modified":"2024-11-05T00:50:43","modified_gmt":"2024-11-05T00:50:43","slug":"argentina-local-1996-97-simeone-08-mc","status":"publish","type":"product","link":"https:\/\/SimbolicaFC.com\/?product=argentina-local-1996-97-simeone-08-mc","title":{"rendered":"ARGENTINA LOCAL 1996 &#8211; 1997 SIMEONE #8"},"content":{"rendered":"<p>La camiseta local de Argentina 1996-1997 es un dise\u00f1o cl\u00e1sico que se utiliz\u00f3 durante un per\u00edodo destacado para la selecci\u00f3n. Con su elegante estilo en blanco y celeste, representa la rica tradici\u00f3n del f\u00fatbol argentino. Esta camiseta es recordada por los aficionados como un s\u00edmbolo de los grandes momentos y jugadores que marcaron esa \u00e9poca, incluyendo la Copa Am\u00e9rica de 1997.<\/p>\n","protected":false},"excerpt":{"rendered":"<p>La camiseta local de Argentina 1996-1997 es un dise\u00f1o cl\u00e1sico que se utiliz\u00f3 durante un per\u00edodo destacado para la selecci\u00f3n. Con su elegante estilo en blanco y celeste, representa la rica tradici\u00f3n del f\u00fatbol argentino. Esta camiseta es recordada por los aficionados como un s\u00edmbolo de los grandes momentos y jugadores que marcaron esa \u00e9poca, [&hellip;]<\/p>\n","protected":false},"featured_media":566,"comment_status":"open","ping_status":"closed","template":"","meta":[],"product_cat":[21,50,18,20,19],"product_tag":[],"class_list":{"0":"post-534","1":"product","2":"type-product","3":"status-publish","4":"has-post-thumbnail","6":"product_cat-argentina","7":"product_cat-diego-simeone","8":"product_cat-jerseys","9":"product_cat-jugadores","10":"product_cat-selecciones","12":"first","13":"instock","14":"taxable","15":"shipping-taxable","16":"purchasable","17":"product-type-variable"},"_links":{"self":[{"href":"https:\/\/SimbolicaFC.com\/index.php?rest_route=\/wp\/v2\/product\/534","targetHints":{"allow":["GET"]}}],"collection":[{"href":"https:\/\/SimbolicaFC.com\/index.php?rest_route=\/wp\/v2\/product"}],"about":[{"href":"https:\/\/SimbolicaFC.com\/index.php?rest_route=\/wp\/v2\/types\/product"}],"replies":[{"embeddable":true,"href":"https:\/\/SimbolicaFC.com\/index.php?rest_route=%2Fwp%2Fv2%2Fcomments&post=534"}],"wp:featuredmedia":[{"embeddable":true,"href":"https:\/\/SimbolicaFC.com\/index.php?rest_route=\/wp\/v2\/media\/566"}],"wp:attachment":[{"href":"https:\/\/SimbolicaFC.com\/index.php?rest_route=%2Fwp%2Fv2%2Fmedia&parent=534"}],"wp:term":[{"taxonomy":"product_cat","embeddable":true,"href":"https:\/\/SimbolicaFC.com\/index.php?rest_route=%2Fwp%2Fv2%2Fproduct_cat&post=534"},{"taxonomy":"product_tag","embeddable":true,"href":"https:\/\/SimbolicaFC.com\/index.php?rest_route=%2Fwp%2Fv2%2Fproduct_tag&post=534"}],"curies":[{"name":"wp","href":"https:\/\/api.w.org\/{rel}","templated":true}]}}