{"id":524,"date":"2024-10-30T02:14:54","date_gmt":"2024-10-30T02:14:54","guid":{"rendered":"https:\/\/SimbolicaFC.com\/?product=bayern-munich-visitante-1993-95-mc"},"modified":"2024-11-05T17:40:42","modified_gmt":"2024-11-05T17:40:42","slug":"bayern-munich-visitante-1993-95-mc","status":"publish","type":"product","link":"https:\/\/SimbolicaFC.com\/?product=bayern-munich-visitante-1993-95-mc","title":{"rendered":"BAYERN MUNICH VISITANTE 1993 &#8211; 1995"},"content":{"rendered":"<p>La camiseta visitante del Bayern M\u00fanich 1993-1995 es un dise\u00f1o emblem\u00e1tico que captura la esencia del club durante los a\u00f1os 90. Con su estilo distintivo, esta camiseta se asocia a momentos clave en la historia del Bayern, mientras compet\u00eda en la Bundesliga y en competiciones europeas. Es una pieza muy valorada por los aficionados que recuerdan con cari\u00f1o esa \u00e9poca dorada del equipo.<\/p>\n","protected":false},"excerpt":{"rendered":"<p>La camiseta visitante del Bayern M\u00fanich 1993-1995 es un dise\u00f1o emblem\u00e1tico que captura la esencia del club durante los a\u00f1os 90. Con su estilo distintivo, esta camiseta se asocia a momentos clave en la historia del Bayern, mientras compet\u00eda en la Bundesliga y en competiciones europeas. Es una pieza muy valorada por los aficionados que [&hellip;]<\/p>\n","protected":false},"featured_media":613,"comment_status":"open","ping_status":"closed","template":"","meta":[],"product_cat":[56,31,18],"product_tag":[],"class_list":{"0":"post-524","1":"product","2":"type-product","3":"status-publish","4":"has-post-thumbnail","6":"product_cat-bayern-munich","7":"product_cat-clubes-de-europa","8":"product_cat-jerseys","10":"first","11":"instock","12":"taxable","13":"shipping-taxable","14":"purchasable","15":"product-type-variable"},"_links":{"self":[{"href":"https:\/\/SimbolicaFC.com\/index.php?rest_route=\/wp\/v2\/product\/524","targetHints":{"allow":["GET"]}}],"collection":[{"href":"https:\/\/SimbolicaFC.com\/index.php?rest_route=\/wp\/v2\/product"}],"about":[{"href":"https:\/\/SimbolicaFC.com\/index.php?rest_route=\/wp\/v2\/types\/product"}],"replies":[{"embeddable":true,"href":"https:\/\/SimbolicaFC.com\/index.php?rest_route=%2Fwp%2Fv2%2Fcomments&post=524"}],"wp:featuredmedia":[{"embeddable":true,"href":"https:\/\/SimbolicaFC.com\/index.php?rest_route=\/wp\/v2\/media\/613"}],"wp:attachment":[{"href":"https:\/\/SimbolicaFC.com\/index.php?rest_route=%2Fwp%2Fv2%2Fmedia&parent=524"}],"wp:term":[{"taxonomy":"product_cat","embeddable":true,"href":"https:\/\/SimbolicaFC.com\/index.php?rest_route=%2Fwp%2Fv2%2Fproduct_cat&post=524"},{"taxonomy":"product_tag","embeddable":true,"href":"https:\/\/SimbolicaFC.com\/index.php?rest_route=%2Fwp%2Fv2%2Fproduct_tag&post=524"}],"curies":[{"name":"wp","href":"https:\/\/api.w.org\/{rel}","templated":true}]}}