{"id":1717,"date":"2024-11-06T00:17:48","date_gmt":"2024-11-06T00:17:48","guid":{"rendered":"https:\/\/SimbolicaFC.com\/?post_type=product&#038;p=1717"},"modified":"2024-11-06T23:46:37","modified_gmt":"2024-11-06T23:46:37","slug":"manchester-city-local-2013-2014-silva-21","status":"publish","type":"product","link":"https:\/\/SimbolicaFC.com\/?product=manchester-city-local-2013-2014-silva-21","title":{"rendered":"MANCHESTER CITY LOCAL 2013 &#8211; 2014 SILVA #21"},"content":{"rendered":"<p>La camiseta local del Manchester City 2013-2014, con el #21 de David Silva, representa una temporada memorable para el club, en la que lograron conquistar la Premier League. Silva fue fundamental en el mediocampo, desplegando su visi\u00f3n y precisi\u00f3n en cada partido, y consolid\u00e1ndose como uno de los favoritos de los aficionados.<\/p>\n","protected":false},"excerpt":{"rendered":"<p>La camiseta local del Manchester City 2013-2014, con el #21 de David Silva, representa una temporada memorable para el club, en la que lograron conquistar la Premier League. Silva fue fundamental en el mediocampo, desplegando su visi\u00f3n y precisi\u00f3n en cada partido, y consolid\u00e1ndose como uno de los favoritos de los aficionados.<\/p>\n","protected":false},"featured_media":1803,"comment_status":"open","ping_status":"closed","template":"","meta":[],"product_cat":[31,18,20,59,85],"product_tag":[],"class_list":{"0":"post-1717","1":"product","2":"type-product","3":"status-publish","4":"has-post-thumbnail","6":"product_cat-clubes-de-europa","7":"product_cat-jerseys","8":"product_cat-jugadores","9":"product_cat-manchester-city","10":"product_cat-otros","12":"first","13":"instock","14":"purchasable","15":"product-type-variable"},"_links":{"self":[{"href":"https:\/\/SimbolicaFC.com\/index.php?rest_route=\/wp\/v2\/product\/1717","targetHints":{"allow":["GET"]}}],"collection":[{"href":"https:\/\/SimbolicaFC.com\/index.php?rest_route=\/wp\/v2\/product"}],"about":[{"href":"https:\/\/SimbolicaFC.com\/index.php?rest_route=\/wp\/v2\/types\/product"}],"replies":[{"embeddable":true,"href":"https:\/\/SimbolicaFC.com\/index.php?rest_route=%2Fwp%2Fv2%2Fcomments&post=1717"}],"wp:featuredmedia":[{"embeddable":true,"href":"https:\/\/SimbolicaFC.com\/index.php?rest_route=\/wp\/v2\/media\/1803"}],"wp:attachment":[{"href":"https:\/\/SimbolicaFC.com\/index.php?rest_route=%2Fwp%2Fv2%2Fmedia&parent=1717"}],"wp:term":[{"taxonomy":"product_cat","embeddable":true,"href":"https:\/\/SimbolicaFC.com\/index.php?rest_route=%2Fwp%2Fv2%2Fproduct_cat&post=1717"},{"taxonomy":"product_tag","embeddable":true,"href":"https:\/\/SimbolicaFC.com\/index.php?rest_route=%2Fwp%2Fv2%2Fproduct_tag&post=1717"}],"curies":[{"name":"wp","href":"https:\/\/api.w.org\/{rel}","templated":true}]}}