{"id":1715,"date":"2024-11-06T00:13:27","date_gmt":"2024-11-06T00:13:27","guid":{"rendered":"https:\/\/SimbolicaFC.com\/?post_type=product&#038;p=1715"},"modified":"2024-11-06T23:42:38","modified_gmt":"2024-11-06T23:42:38","slug":"chelsea-visitante-1998-2000","status":"publish","type":"product","link":"https:\/\/SimbolicaFC.com\/?product=chelsea-visitante-1998-2000","title":{"rendered":"CHELSEA VISITANTE 1998 &#8211; 2000"},"content":{"rendered":"<p>La camiseta visitante del Chelsea 1998-2000 es un dise\u00f1o recordado por su estilo caracter\u00edstico de los finales de los 90. Utilizada en una \u00e9poca en la que el Chelsea se afirmaba como un equipo en ascenso en la Premier League, esta camiseta evoca los inicios de una era competitiva y de crecimiento en el club.<\/p>\n","protected":false},"excerpt":{"rendered":"<p>La camiseta visitante del Chelsea 1998-2000 es un dise\u00f1o recordado por su estilo caracter\u00edstico de los finales de los 90. Utilizada en una \u00e9poca en la que el Chelsea se afirmaba como un equipo en ascenso en la Premier League, esta camiseta evoca los inicios de una era competitiva y de crecimiento en el club.<\/p>\n","protected":false},"featured_media":1808,"comment_status":"open","ping_status":"closed","template":"","meta":[],"product_cat":[83,31,18],"product_tag":[],"class_list":{"0":"post-1715","1":"product","2":"type-product","3":"status-publish","4":"has-post-thumbnail","6":"product_cat-chelsea","7":"product_cat-clubes-de-europa","8":"product_cat-jerseys","10":"first","11":"instock","12":"taxable","13":"shipping-taxable","14":"purchasable","15":"product-type-variable"},"_links":{"self":[{"href":"https:\/\/SimbolicaFC.com\/index.php?rest_route=\/wp\/v2\/product\/1715","targetHints":{"allow":["GET"]}}],"collection":[{"href":"https:\/\/SimbolicaFC.com\/index.php?rest_route=\/wp\/v2\/product"}],"about":[{"href":"https:\/\/SimbolicaFC.com\/index.php?rest_route=\/wp\/v2\/types\/product"}],"replies":[{"embeddable":true,"href":"https:\/\/SimbolicaFC.com\/index.php?rest_route=%2Fwp%2Fv2%2Fcomments&post=1715"}],"wp:featuredmedia":[{"embeddable":true,"href":"https:\/\/SimbolicaFC.com\/index.php?rest_route=\/wp\/v2\/media\/1808"}],"wp:attachment":[{"href":"https:\/\/SimbolicaFC.com\/index.php?rest_route=%2Fwp%2Fv2%2Fmedia&parent=1715"}],"wp:term":[{"taxonomy":"product_cat","embeddable":true,"href":"https:\/\/SimbolicaFC.com\/index.php?rest_route=%2Fwp%2Fv2%2Fproduct_cat&post=1715"},{"taxonomy":"product_tag","embeddable":true,"href":"https:\/\/SimbolicaFC.com\/index.php?rest_route=%2Fwp%2Fv2%2Fproduct_tag&post=1715"}],"curies":[{"name":"wp","href":"https:\/\/api.w.org\/{rel}","templated":true}]}}