{"id":1713,"date":"2024-11-06T00:07:23","date_gmt":"2024-11-06T00:07:23","guid":{"rendered":"https:\/\/SimbolicaFC.com\/?post_type=product&#038;p=1713"},"modified":"2024-11-06T23:45:13","modified_gmt":"2024-11-06T23:45:13","slug":"juventus-local-1999-2000-zidane-21","status":"publish","type":"product","link":"https:\/\/SimbolicaFC.com\/?product=juventus-local-1999-2000-zidane-21","title":{"rendered":"JUVENTUS LOCAL 1999 &#8211; 2000 ZIDANE #21"},"content":{"rendered":"<p>La camiseta local de la Juventus 1999-2000, con el #21 de Zinedine Zidane, es una pieza emblem\u00e1tica que evoca una \u00e9poca dorada en el club turin\u00e9s. En esta temporada, Zidane mostr\u00f3 su genialidad en el mediocampo, siendo clave en el estilo de juego del equipo y consolid\u00e1ndose como uno de los mejores jugadores del mundo.<\/p>\n","protected":false},"excerpt":{"rendered":"<p>La camiseta local de la Juventus 1999-2000, con el #21 de Zinedine Zidane, es una pieza emblem\u00e1tica que evoca una \u00e9poca dorada en el club turin\u00e9s. En esta temporada, Zidane mostr\u00f3 su genialidad en el mediocampo, siendo clave en el estilo de juego del equipo y consolid\u00e1ndose como uno de los mejores jugadores del mundo.<\/p>\n","protected":false},"featured_media":1810,"comment_status":"open","ping_status":"closed","template":"","meta":[],"product_cat":[31,18,20,84,37],"product_tag":[],"class_list":{"0":"post-1713","1":"product","2":"type-product","3":"status-publish","4":"has-post-thumbnail","6":"product_cat-clubes-de-europa","7":"product_cat-jerseys","8":"product_cat-jugadores","9":"product_cat-juventus","10":"product_cat-zidane","12":"first","13":"instock","14":"taxable","15":"shipping-taxable","16":"purchasable","17":"product-type-variable"},"_links":{"self":[{"href":"https:\/\/SimbolicaFC.com\/index.php?rest_route=\/wp\/v2\/product\/1713","targetHints":{"allow":["GET"]}}],"collection":[{"href":"https:\/\/SimbolicaFC.com\/index.php?rest_route=\/wp\/v2\/product"}],"about":[{"href":"https:\/\/SimbolicaFC.com\/index.php?rest_route=\/wp\/v2\/types\/product"}],"replies":[{"embeddable":true,"href":"https:\/\/SimbolicaFC.com\/index.php?rest_route=%2Fwp%2Fv2%2Fcomments&post=1713"}],"wp:featuredmedia":[{"embeddable":true,"href":"https:\/\/SimbolicaFC.com\/index.php?rest_route=\/wp\/v2\/media\/1810"}],"wp:attachment":[{"href":"https:\/\/SimbolicaFC.com\/index.php?rest_route=%2Fwp%2Fv2%2Fmedia&parent=1713"}],"wp:term":[{"taxonomy":"product_cat","embeddable":true,"href":"https:\/\/SimbolicaFC.com\/index.php?rest_route=%2Fwp%2Fv2%2Fproduct_cat&post=1713"},{"taxonomy":"product_tag","embeddable":true,"href":"https:\/\/SimbolicaFC.com\/index.php?rest_route=%2Fwp%2Fv2%2Fproduct_tag&post=1713"}],"curies":[{"name":"wp","href":"https:\/\/api.w.org\/{rel}","templated":true}]}}