{"id":1704,"date":"2024-11-05T23:57:29","date_gmt":"2024-11-05T23:57:29","guid":{"rendered":"https:\/\/SimbolicaFC.com\/?post_type=product&#038;p=1704"},"modified":"2024-11-07T18:24:02","modified_gmt":"2024-11-07T18:24:02","slug":"atletico-de-madrid-local-2004-2005-fernando-torres-9","status":"publish","type":"product","link":"https:\/\/SimbolicaFC.com\/?product=atletico-de-madrid-local-2004-2005-fernando-torres-9","title":{"rendered":"ATLETICO DE MADRID LOCAL 2004 &#8211; 2005 FERNANDO TORRES #9"},"content":{"rendered":"<p>La camiseta local del Atl\u00e9tico de Madrid 2004-2005, con el #9 de Fernando Torres, es un dise\u00f1o emblem\u00e1tico que refleja la conexi\u00f3n entre el club y su m\u00e1ximo \u00eddolo de esa era. En esa temporada, Torres se consolid\u00f3 como la gran estrella del equipo, mostrando su talento y capacidad goleadora.<\/p>\n","protected":false},"excerpt":{"rendered":"<p>La camiseta local del Atl\u00e9tico de Madrid 2004-2005, con el #9 de Fernando Torres, es un dise\u00f1o emblem\u00e1tico que refleja la conexi\u00f3n entre el club y su m\u00e1ximo \u00eddolo de esa era. En esa temporada, Torres se consolid\u00f3 como la gran estrella del equipo, mostrando su talento y capacidad goleadora.<\/p>\n","protected":false},"featured_media":1823,"comment_status":"open","ping_status":"closed","template":"","meta":[],"product_cat":[54,31,82,18,20],"product_tag":[],"class_list":{"0":"post-1704","1":"product","2":"type-product","3":"status-publish","4":"has-post-thumbnail","6":"product_cat-atletico-de-madrid","7":"product_cat-clubes-de-europa","8":"product_cat-fernando-torres","9":"product_cat-jerseys","10":"product_cat-jugadores","12":"first","13":"instock","14":"taxable","15":"shipping-taxable","16":"purchasable","17":"product-type-variable"},"_links":{"self":[{"href":"https:\/\/SimbolicaFC.com\/index.php?rest_route=\/wp\/v2\/product\/1704","targetHints":{"allow":["GET"]}}],"collection":[{"href":"https:\/\/SimbolicaFC.com\/index.php?rest_route=\/wp\/v2\/product"}],"about":[{"href":"https:\/\/SimbolicaFC.com\/index.php?rest_route=\/wp\/v2\/types\/product"}],"replies":[{"embeddable":true,"href":"https:\/\/SimbolicaFC.com\/index.php?rest_route=%2Fwp%2Fv2%2Fcomments&post=1704"}],"wp:featuredmedia":[{"embeddable":true,"href":"https:\/\/SimbolicaFC.com\/index.php?rest_route=\/wp\/v2\/media\/1823"}],"wp:attachment":[{"href":"https:\/\/SimbolicaFC.com\/index.php?rest_route=%2Fwp%2Fv2%2Fmedia&parent=1704"}],"wp:term":[{"taxonomy":"product_cat","embeddable":true,"href":"https:\/\/SimbolicaFC.com\/index.php?rest_route=%2Fwp%2Fv2%2Fproduct_cat&post=1704"},{"taxonomy":"product_tag","embeddable":true,"href":"https:\/\/SimbolicaFC.com\/index.php?rest_route=%2Fwp%2Fv2%2Fproduct_tag&post=1704"}],"curies":[{"name":"wp","href":"https:\/\/api.w.org\/{rel}","templated":true}]}}